{"id":19,"date":"2016-03-29T09:46:51","date_gmt":"2016-03-29T08:46:51","guid":{"rendered":"http:\/\/gite-brissac.com\/eng\/?page_id=19"},"modified":"2016-06-02T11:49:25","modified_gmt":"2016-06-02T10:49:25","slug":"map","status":"publish","type":"page","link":"https:\/\/gite-brissac.com\/eng\/map\/","title":{"rendered":"Map and How to get here"},"content":{"rendered":"<div id=\"pl-19\"  class=\"panel-layout\" ><div id=\"pg-19-0\"  class=\"panel-grid panel-no-style\" ><div id=\"pgc-19-0-0\"  class=\"panel-grid-cell\" ><div id=\"panel-19-0-0-0\" class=\"so-panel widget widget_sow-editor panel-first-child panel-last-child\" data-index=\"0\" ><div class=\"panel-widget-style panel-widget-style-for-19-0-0-0\" ><div\n\t\t\t\n\t\t\tclass=\"so-widget-sow-editor so-widget-sow-editor-base\"\n\t\t\t\n\t\t>\n<div class=\"siteorigin-widget-tinymce textwidget\">\n\t<p><iframe loading=\"lazy\" style=\"border: 0;\" src=\"https:\/\/www.google.com\/maps\/embed?pb=!1m18!1m12!1m3!1d19903.597468042648!2d-0.43899487605127974!3d47.338931560164305!2m3!1f0!2f0!3f0!3m2!1i1024!2i768!4f13.1!3m3!1m2!1s0x0000000000000000%3A0xd5e817b9a76a62e0!2sLogis+La+Pichonni%C3%A8re!5e0!3m2!1sfr!2sfr!4v1462350516621\" width=\"100%\" height=\"600\" frameborder=\"0\" allowfullscreen=\"allowfullscreen\"><\/iframe><\/p>\n<\/div>\n<\/div><\/div><\/div><\/div><\/div><div id=\"pg-19-1\"  class=\"panel-grid panel-no-style\" ><div id=\"pgc-19-1-0\"  class=\"panel-grid-cell\" ><div id=\"panel-19-1-0-0\" class=\"so-panel widget widget_sow-editor panel-first-child\" data-index=\"1\" ><div\n\t\t\t\n\t\t\tclass=\"so-widget-sow-editor so-widget-sow-editor-base\"\n\t\t\t\n\t\t>\n<div class=\"siteorigin-widget-tinymce textwidget\">\n\t<h4>GPS<\/h4>\n<p>Type in La Pichonni\u00e8re 49320 Charc\u00e9-Saint-Ellier or 47.331918,-0.4177<\/p>\n<p>\u00a0<\/p>\n<h4>From Angers<\/h4>\n<ul>\n<li>From Angers take <strong>A 87<\/strong> motorway (La Roche sur Yon) or Poitiers\/Cholet or Sud Loire.<\/li>\n<li>After approx. 8 km, take the double bridge over the Loire,<\/li>\n<li>After the Loire, <strong>take exit No 22: <\/strong>Poitiers\u2013 Brissac-Quinc\u00e9.<\/li>\n<li>As you come down the ramp, keep left, <strong>do not take<\/strong><strong> Murs-Erign\u00e9<\/strong>.<\/li>\n<li>After leaving the motorway, you will be on RD 748 for Poitiers.<\/li>\n<li>Go approx. 10 Km on the dual carriageway, leaving the road for Brissac-Quinc\u00e9 on your right.<\/li>\n<li>Go past the rest areas.<\/li>\n<li>When you arrive at the roundabout:<strong> Take 3rd exit<\/strong> for Poitiers \u2013 Dou\u00e9 la Fontaine \u2013 Les Alleuds. <strong>Do not take the exit Charc\u00e9 Saint Ellier<\/strong>.<\/li>\n<li>Go 1 km 500 on RD 761, until you see a white signpost with a blue border.<\/li>\n<li>500 metres after this signpost on RD 761, you will see another signpost with an arrow:<\/li>\n<li>Turn left into the large drive lined with firs, chestnut and walnut trees which leads to la Ferme.<\/li>\n<\/ul>\n<\/div>\n<\/div><\/div><div id=\"panel-19-1-0-1\" class=\"so-panel widget widget_sow-button\" data-index=\"2\" ><div\n\t\t\t\n\t\t\tclass=\"so-widget-sow-button so-widget-sow-button-flat-cca974afd3e6-19\"\n\t\t\t\n\t\t><div class=\"ow-button-base ow-button-align-center\"\n>\n\t\t\t<a\n\t\t\t\t\thref=\"https:\/\/gite-brissac.com\/eng\/wp-content\/uploads\/2016\/06\/pichonniere-from-angers.pdf\"\n\t\t\t\t\tclass=\"sowb-button ow-icon-placement-left\" target=\"_blank\" rel=\"noopener noreferrer\" \t>\n\t\t<span>\n\t\t\t\n\t\t\tDownload PDF of itinerary from Angers\t\t<\/span>\n\t\t\t<\/a>\n\t<\/div>\n<\/div><\/div><div id=\"panel-19-1-0-2\" class=\"so-panel widget widget_sow-editor\" data-index=\"3\" ><div\n\t\t\t\n\t\t\tclass=\"so-widget-sow-editor so-widget-sow-editor-base\"\n\t\t\t\n\t\t>\n<div class=\"siteorigin-widget-tinymce textwidget\">\n\t<h4>From Poitiers<\/h4>\n<ul>\n<li>In Poitiers take the road for Loudun and then Montreuil Bellay<\/li>\n<li>In Montreuil-Bellay, take the road for Dou\u00e9-la-Fontaine<\/li>\n<li>In Dou\u00e9-la-Fontaine take RD 761 for Angers<\/li>\n<li>Stay on the dual carriageway (RD 761) and go through the village of Les Alleuds<\/li>\n<li>Stay on RD 761<\/li>\n<li>After you leave the village of Les Alleuds go 2 km and you will see a white signpost with a blue border.<\/li>\n<li>500 metres after this signpost, you will see another signpost with an arrow marked \u00ab\u00a0Chambres d\u2019h\u00f4tes\u00a0\u00bb.<\/li>\n<li>Turn right, after the little parking area onto the drive lined with fir trees, chestnut and walnut trees which leads to our house.<\/li>\n<\/ul>\n<p>Dou\u00e9-la-Fontaine \/ la Pichonni\u00e8re: maximum driving time 20 minutes<\/p>\n<\/div>\n<\/div><\/div><div id=\"panel-19-1-0-3\" class=\"so-panel widget widget_sow-button\" data-index=\"4\" ><div\n\t\t\t\n\t\t\tclass=\"so-widget-sow-button so-widget-sow-button-flat-cca974afd3e6-19\"\n\t\t\t\n\t\t><div class=\"ow-button-base ow-button-align-center\"\n>\n\t\t\t<a\n\t\t\t\t\thref=\"https:\/\/gite-brissac.com\/eng\/wp-content\/uploads\/2016\/06\/pichonniere-from-poitiers.pdf\"\n\t\t\t\t\tclass=\"sowb-button ow-icon-placement-left\" target=\"_blank\" rel=\"noopener noreferrer\" \t>\n\t\t<span>\n\t\t\t\n\t\t\tDownload PDF of itinerary from Poitiers \t\t<\/span>\n\t\t\t<\/a>\n\t<\/div>\n<\/div><\/div><div id=\"panel-19-1-0-4\" class=\"so-panel widget widget_sow-editor\" data-index=\"5\" ><div\n\t\t\t\n\t\t\tclass=\"so-widget-sow-editor so-widget-sow-editor-base\"\n\t\t\t\n\t\t>\n<div class=\"siteorigin-widget-tinymce textwidget\">\n\t<h4>From Cholet<\/h4>\n<ul>\n<li>In Cholet, take A 87 motorway<\/li>\n<li>After approx. 45 km, take N\u00b0 22 exit, RD 748 for Brissac-Quinc\u00e9.<\/li>\n<li>On the ramp, turn right for Brissac-Quinc\u00e9 (RD748).<\/li>\n<li>Go approx. 10 Km on this new dual carriageway, leaving the road for Brissac-Quinc\u00e9 on your right.<\/li>\n<li>Go past the rest areas.<\/li>\n<li>At the Roundabout<strong>: Take the 3<sup>rd<\/sup><\/strong> exit for Poitiers \u2013 Dou\u00e9 la Fontaine \u2013 Les Alleuds. <strong>Do not take the Charc\u00e9 Saint Ellier exit<\/strong>.<\/li>\n<li>Go 1 km 500 on RD 761, you will see a signpost with a blue border marked\u00a0\u00ab\u00a0Chambre d\u2019h\u00f4tes\u00a0\u00bb.<\/li>\n<li>500 metres after this signpost on RD 761, another signpost with an arrow: \u00ab\u00a0Chambre d\u2019h\u00f4tes\u00a0\u00bb.<\/li>\n<li>Take the large drive lined with firs, chestnut and walnut trees which leads to la Ferme.<\/li>\n<\/ul>\n<\/div>\n<\/div><\/div><div id=\"panel-19-1-0-5\" class=\"so-panel widget widget_sow-button panel-last-child\" data-index=\"6\" ><div\n\t\t\t\n\t\t\tclass=\"so-widget-sow-button so-widget-sow-button-flat-cca974afd3e6-19\"\n\t\t\t\n\t\t><div class=\"ow-button-base ow-button-align-center\"\n>\n\t\t\t<a\n\t\t\t\t\thref=\"https:\/\/gite-brissac.com\/eng\/wp-content\/uploads\/2016\/06\/pichonniere-from-cholet.pdf\"\n\t\t\t\t\tclass=\"sowb-button ow-icon-placement-left\" target=\"_blank\" rel=\"noopener noreferrer\" \t>\n\t\t<span>\n\t\t\t\n\t\t\tDownload PDF of itinerary from Cholet \t\t<\/span>\n\t\t\t<\/a>\n\t<\/div>\n<\/div><\/div><\/div><\/div><\/div>","protected":false},"excerpt":{"rendered":"<p>GPSType in La Pichonni\u00e8re 49320 Charc\u00e9-Saint-Ellier or 47.331918,-0.4177\u00a0From AngersFrom Angers take A 87 motorway (La Roche sur Yon) or Poitiers\/Cholet or Sud Loire.After approx. 8 km, take the double bridge over the Loire,After the Loire, take exit No 22: Poitiers\u2013 Brissac-Quinc\u00e9.As you come down the ramp, keep left, do not take Murs-Erign\u00e9.After leaving the motorway, [&hellip;]<\/p>\n","protected":false},"author":1,"featured_media":0,"parent":0,"menu_order":70,"comment_status":"closed","ping_status":"closed","template":"","meta":{"footnotes":""},"class_list":["post-19","page","type-page","status-publish","hentry"],"yoast_head":"<!-- This site is optimized with the Yoast SEO plugin v27.3 - https:\/\/yoast.com\/product\/yoast-seo-wordpress\/ -->\n<title>Map and How to get here - La Pichonni\u00e8re<\/title>\n<meta name=\"robots\" content=\"index, follow, max-snippet:-1, max-image-preview:large, max-video-preview:-1\" \/>\n<link rel=\"canonical\" href=\"https:\/\/gite-brissac.com\/eng\/map\/\" \/>\n<meta property=\"og:locale\" content=\"fr_FR\" \/>\n<meta property=\"og:type\" content=\"article\" \/>\n<meta property=\"og:title\" content=\"Map and How to get here - La Pichonni\u00e8re\" \/>\n<meta property=\"og:description\" content=\"GPSType in La Pichonni\u00e8re 49320 Charc\u00e9-Saint-Ellier or 47.331918,-0.4177\u00a0From AngersFrom Angers take A 87 motorway (La Roche sur Yon) or Poitiers\/Cholet or Sud Loire.After approx. 8 km, take the double bridge over the Loire,After the Loire, take exit No 22: Poitiers\u2013 Brissac-Quinc\u00e9.As you come down the ramp, keep left, do not take Murs-Erign\u00e9.After leaving the motorway, [&hellip;]\" \/>\n<meta property=\"og:url\" content=\"https:\/\/gite-brissac.com\/eng\/map\/\" \/>\n<meta property=\"og:site_name\" content=\"La Pichonni\u00e8re\" \/>\n<meta property=\"article:modified_time\" content=\"2016-06-02T10:49:25+00:00\" \/>\n<meta name=\"twitter:card\" content=\"summary_large_image\" \/>\n<meta name=\"twitter:label1\" content=\"Dur\u00e9e de lecture estim\u00e9e\" \/>\n\t<meta name=\"twitter:data1\" content=\"2 minutes\" \/>\n<script type=\"application\/ld+json\" class=\"yoast-schema-graph\">{\"@context\":\"https:\\\/\\\/schema.org\",\"@graph\":[{\"@type\":\"WebPage\",\"@id\":\"https:\\\/\\\/gite-brissac.com\\\/eng\\\/map\\\/\",\"url\":\"https:\\\/\\\/gite-brissac.com\\\/eng\\\/map\\\/\",\"name\":\"Map and How to get here - La Pichonni\u00e8re\",\"isPartOf\":{\"@id\":\"https:\\\/\\\/gite-brissac.com\\\/eng\\\/#website\"},\"datePublished\":\"2016-03-29T08:46:51+00:00\",\"dateModified\":\"2016-06-02T10:49:25+00:00\",\"breadcrumb\":{\"@id\":\"https:\\\/\\\/gite-brissac.com\\\/eng\\\/map\\\/#breadcrumb\"},\"inLanguage\":\"fr-FR\",\"potentialAction\":[{\"@type\":\"ReadAction\",\"target\":[\"https:\\\/\\\/gite-brissac.com\\\/eng\\\/map\\\/\"]}]},{\"@type\":\"BreadcrumbList\",\"@id\":\"https:\\\/\\\/gite-brissac.com\\\/eng\\\/map\\\/#breadcrumb\",\"itemListElement\":[{\"@type\":\"ListItem\",\"position\":1,\"name\":\"Accueil\",\"item\":\"https:\\\/\\\/gite-brissac.com\\\/eng\\\/\"},{\"@type\":\"ListItem\",\"position\":2,\"name\":\"Map and How to get here\"}]},{\"@type\":\"WebSite\",\"@id\":\"https:\\\/\\\/gite-brissac.com\\\/eng\\\/#website\",\"url\":\"https:\\\/\\\/gite-brissac.com\\\/eng\\\/\",\"name\":\"La Pichonni\u00e8re\",\"description\":\"Chambres d&#039;h\u00f4tes et g\u00eetes en Anjou\",\"potentialAction\":[{\"@type\":\"SearchAction\",\"target\":{\"@type\":\"EntryPoint\",\"urlTemplate\":\"https:\\\/\\\/gite-brissac.com\\\/eng\\\/?s={search_term_string}\"},\"query-input\":{\"@type\":\"PropertyValueSpecification\",\"valueRequired\":true,\"valueName\":\"search_term_string\"}}],\"inLanguage\":\"fr-FR\"}]}<\/script>\n<!-- \/ Yoast SEO plugin. -->","yoast_head_json":{"title":"Map and How to get here - La Pichonni\u00e8re","robots":{"index":"index","follow":"follow","max-snippet":"max-snippet:-1","max-image-preview":"max-image-preview:large","max-video-preview":"max-video-preview:-1"},"canonical":"https:\/\/gite-brissac.com\/eng\/map\/","og_locale":"fr_FR","og_type":"article","og_title":"Map and How to get here - La Pichonni\u00e8re","og_description":"GPSType in La Pichonni\u00e8re 49320 Charc\u00e9-Saint-Ellier or 47.331918,-0.4177\u00a0From AngersFrom Angers take A 87 motorway (La Roche sur Yon) or Poitiers\/Cholet or Sud Loire.After approx. 8 km, take the double bridge over the Loire,After the Loire, take exit No 22: Poitiers\u2013 Brissac-Quinc\u00e9.As you come down the ramp, keep left, do not take Murs-Erign\u00e9.After leaving the motorway, [&hellip;]","og_url":"https:\/\/gite-brissac.com\/eng\/map\/","og_site_name":"La Pichonni\u00e8re","article_modified_time":"2016-06-02T10:49:25+00:00","twitter_card":"summary_large_image","twitter_misc":{"Dur\u00e9e de lecture estim\u00e9e":"2 minutes"},"schema":{"@context":"https:\/\/schema.org","@graph":[{"@type":"WebPage","@id":"https:\/\/gite-brissac.com\/eng\/map\/","url":"https:\/\/gite-brissac.com\/eng\/map\/","name":"Map and How to get here - La Pichonni\u00e8re","isPartOf":{"@id":"https:\/\/gite-brissac.com\/eng\/#website"},"datePublished":"2016-03-29T08:46:51+00:00","dateModified":"2016-06-02T10:49:25+00:00","breadcrumb":{"@id":"https:\/\/gite-brissac.com\/eng\/map\/#breadcrumb"},"inLanguage":"fr-FR","potentialAction":[{"@type":"ReadAction","target":["https:\/\/gite-brissac.com\/eng\/map\/"]}]},{"@type":"BreadcrumbList","@id":"https:\/\/gite-brissac.com\/eng\/map\/#breadcrumb","itemListElement":[{"@type":"ListItem","position":1,"name":"Accueil","item":"https:\/\/gite-brissac.com\/eng\/"},{"@type":"ListItem","position":2,"name":"Map and How to get here"}]},{"@type":"WebSite","@id":"https:\/\/gite-brissac.com\/eng\/#website","url":"https:\/\/gite-brissac.com\/eng\/","name":"La Pichonni\u00e8re","description":"Chambres d&#039;h\u00f4tes et g\u00eetes en Anjou","potentialAction":[{"@type":"SearchAction","target":{"@type":"EntryPoint","urlTemplate":"https:\/\/gite-brissac.com\/eng\/?s={search_term_string}"},"query-input":{"@type":"PropertyValueSpecification","valueRequired":true,"valueName":"search_term_string"}}],"inLanguage":"fr-FR"}]}},"_links":{"self":[{"href":"https:\/\/gite-brissac.com\/eng\/wp-json\/wp\/v2\/pages\/19","targetHints":{"allow":["GET"]}}],"collection":[{"href":"https:\/\/gite-brissac.com\/eng\/wp-json\/wp\/v2\/pages"}],"about":[{"href":"https:\/\/gite-brissac.com\/eng\/wp-json\/wp\/v2\/types\/page"}],"author":[{"embeddable":true,"href":"https:\/\/gite-brissac.com\/eng\/wp-json\/wp\/v2\/users\/1"}],"replies":[{"embeddable":true,"href":"https:\/\/gite-brissac.com\/eng\/wp-json\/wp\/v2\/comments?post=19"}],"version-history":[{"count":0,"href":"https:\/\/gite-brissac.com\/eng\/wp-json\/wp\/v2\/pages\/19\/revisions"}],"wp:attachment":[{"href":"https:\/\/gite-brissac.com\/eng\/wp-json\/wp\/v2\/media?parent=19"}],"curies":[{"name":"wp","href":"https:\/\/api.w.org\/{rel}","templated":true}]}}