{"id":11,"date":"2016-03-29T09:45:47","date_gmt":"2016-03-29T08:45:47","guid":{"rendered":"http:\/\/gite-brissac.com\/eng\/?page_id=11"},"modified":"2026-01-05T17:51:27","modified_gmt":"2026-01-05T16:51:27","slug":"prices-availability","status":"publish","type":"page","link":"https:\/\/gite-brissac.com\/eng\/prices-availability\/","title":{"rendered":"Prices and availability"},"content":{"rendered":"<div id=\"pl-11\"  class=\"panel-layout\" ><div id=\"pg-11-0\"  class=\"panel-grid panel-no-style\" ><div id=\"pgc-11-0-0\"  class=\"panel-grid-cell\" ><div id=\"panel-11-0-0-0\" class=\"so-panel widget widget_sow-headline panel-first-child\" data-index=\"0\" ><div class=\"panel-widget-style panel-widget-style-for-11-0-0-0\" ><div\n\t\t\t\n\t\t\tclass=\"so-widget-sow-headline so-widget-sow-headline-default-94d808faf1fa-11\"\n\t\t\t\n\t\t><div class=\"sow-headline-container \">\n\t\t\t\t\t\t\t<h1 class=\"sow-headline\">\n\t\t\t\t\t\t Bed &amp; breakfast\t\t\t\t\t\t<\/h1>\n\t\t\t\t\t\t<\/div>\n<\/div><\/div><\/div><div id=\"panel-11-0-0-1\" class=\"so-panel widget widget_sow-price-table panel-last-child\" data-index=\"1\" ><div\n\t\t\t\n\t\t\tclass=\"so-widget-sow-price-table so-widget-sow-price-table-atom-4f2bee964045-11\"\n\t\t\t\n\t\t>\n\n<div class=\"ow-pt-columns-atom\">\n\n\t\t\t<div class=\"ow-pt-column ow-pt-first ow-pt-even\"\n\t\t\tstyle=\"width: 25%\">\n\t\t\t<div class=\"ow-pt-title\">\n\t\t\t\tZen\t\t\t\t\t\t\t<\/div>\n\n\t\t\t<div class=\"ow-pt-details\">\n\t\t\t\t<div class=\"ow-pt-price\">\n\t\t\t\t\t\u20ac85\t\t\t\t<\/div>\n\t\t\t\t\t\t\t\t<div class=\"ow-pt-per\">night<\/div>\n\t\t\t<\/div>\n\n\t\t\t\t\t\t\t<div class=\"ow-pt-image\">\n\t\t\t\t\t<img decoding=\"async\" src=\"https:\/\/gite-brissac.com\/eng\/wp-content\/uploads\/2016\/03\/pichonniere-zen-ext.png\" srcset=\"https:\/\/gite-brissac.com\/eng\/wp-content\/uploads\/2016\/03\/pichonniere-zen-ext.png 570w, https:\/\/gite-brissac.com\/eng\/wp-content\/uploads\/2016\/03\/pichonniere-zen-ext-300x211.png 300w\" sizes=\"(max-width: 570px) 100vw, 570px\"\/> \t\t\t\t<\/div>\n\t\t\t\n\t\t\t<div class=\"ow-pt-features\">\n\t\t\t\t\t\t\t\t\t<div class=\"ow-pt-feature ow-pt-feature-even ow-pt-feature-index-0\" title=\"Hover texte\">\n\n\t\t\t\t\t\t\t\t\t\t\t\t\t<div class=\"sow-feature-icon\">\n\t\t\t\t\t\t\t\t<span class=\"sow-icon-fontawesome sow-fas\" data-sow-icon=\"&#xf236;\"\n\t\tstyle=\"color: #5c832f\" \n\t\taria-hidden=\"true\"><\/span>\t\t\t\t\t\t\t<\/div>\n\t\t\t\t\t\t\t\t\t\t\t\t<div class=\"sow-feature-text\">\n\t\t\t\t\t\t\t<p>\n\t\t\t\t\t\t\t\t2 beds (100\u00d7200cm)<br \/>\u00a0<br \/>Breakfast included\t\t\t\t\t\t\t<\/p>\n\t\t\t\t\t\t<\/div>\n\t\t\t\t\t<\/div>\n\t\t\t\t\t\t\t<\/div>\n\n\t\t\t\t\t\t\t<div class=\"ow-pt-button\">\n\t\t\t\t\t<a\n\t\t\t\t\t\thref=\"https:\/\/gite-brissac.com\/eng\/project\/zen\/\"\n\t\t\t\t\t\tclass=\"ow-pt-link\" \t\t\t\t\t>See room and book<\/a>\n\t\t\t\t<\/div>\n\t\t\t\t\t<\/div>\n\t\t\t\t<div class=\"ow-pt-column ow-pt-odd\"\n\t\t\tstyle=\"width: 25%\">\n\t\t\t<div class=\"ow-pt-title\">\n\t\t\t\tGarennes\t\t\t\t\t\t\t<\/div>\n\n\t\t\t<div class=\"ow-pt-details\">\n\t\t\t\t<div class=\"ow-pt-price\">\n\t\t\t\t\t\u20ac75\t\t\t\t<\/div>\n\t\t\t\t\t\t\t\t<div class=\"ow-pt-per\">night<\/div>\n\t\t\t<\/div>\n\n\t\t\t\t\t\t\t<div class=\"ow-pt-image\">\n\t\t\t\t\t<img decoding=\"async\" src=\"https:\/\/gite-brissac.com\/eng\/wp-content\/uploads\/2016\/03\/pichionnere-garennes-lit.jpg\" srcset=\"https:\/\/gite-brissac.com\/eng\/wp-content\/uploads\/2016\/03\/pichionnere-garennes-lit.jpg 570w, https:\/\/gite-brissac.com\/eng\/wp-content\/uploads\/2016\/03\/pichionnere-garennes-lit-300x211.jpg 300w\" sizes=\"(max-width: 570px) 100vw, 570px\"\/> \t\t\t\t<\/div>\n\t\t\t\n\t\t\t<div class=\"ow-pt-features\">\n\t\t\t\t\t\t\t\t\t<div class=\"ow-pt-feature ow-pt-feature-even ow-pt-feature-index-0\" title=\"\">\n\n\t\t\t\t\t\t\t\t\t\t\t\t\t<div class=\"sow-feature-icon\">\n\t\t\t\t\t\t\t\t<span class=\"sow-icon-fontawesome sow-fas\" data-sow-icon=\"&#xf236;\"\n\t\tstyle=\"color: #5c832f\" \n\t\taria-hidden=\"true\"><\/span>\t\t\t\t\t\t\t<\/div>\n\t\t\t\t\t\t\t\t\t\t\t\t<div class=\"sow-feature-text\">\n\t\t\t\t\t\t\t<p>\n\t\t\t\t\t\t\t\t1 bed (160x200cm)<br \/>\u00a0 <br \/>Breakfast included\t\t\t\t\t\t\t<\/p>\n\t\t\t\t\t\t<\/div>\n\t\t\t\t\t<\/div>\n\t\t\t\t\t\t\t<\/div>\n\n\t\t\t\t\t\t\t<div class=\"ow-pt-button\">\n\t\t\t\t\t<a\n\t\t\t\t\t\thref=\"https:\/\/gite-brissac.com\/eng\/project\/garennes\/\"\n\t\t\t\t\t\tclass=\"ow-pt-link\" \t\t\t\t\t>See room and book<\/a>\n\t\t\t\t<\/div>\n\t\t\t\t\t<\/div>\n\t\t\t\t<div class=\"ow-pt-column ow-pt-even\"\n\t\t\tstyle=\"width: 25%\">\n\t\t\t<div class=\"ow-pt-title\">\n\t\t\t\tDouble family room\t\t\t\t\t\t\t<\/div>\n\n\t\t\t<div class=\"ow-pt-details\">\n\t\t\t\t<div class=\"ow-pt-price\">\n\t\t\t\t\t\u20ac130\t\t\t\t<\/div>\n\t\t\t\t\t\t\t\t<div class=\"ow-pt-per\">night<\/div>\n\t\t\t<\/div>\n\n\t\t\t\t\t\t\t<div class=\"ow-pt-image\">\n\t\t\t\t\t<img decoding=\"async\" src=\"https:\/\/gite-brissac.com\/eng\/wp-content\/uploads\/2016\/03\/pichionnere-familiale-ecureuil.jpg\" srcset=\"https:\/\/gite-brissac.com\/eng\/wp-content\/uploads\/2016\/03\/pichionnere-familiale-ecureuil.jpg 570w, https:\/\/gite-brissac.com\/eng\/wp-content\/uploads\/2016\/03\/pichionnere-familiale-ecureuil-300x211.jpg 300w\" sizes=\"(max-width: 570px) 100vw, 570px\"\/> \t\t\t\t<\/div>\n\t\t\t\n\t\t\t<div class=\"ow-pt-features\">\n\t\t\t\t\t\t\t\t\t<div class=\"ow-pt-feature ow-pt-feature-even ow-pt-feature-index-0\" title=\"\">\n\n\t\t\t\t\t\t\t\t\t\t\t\t\t<div class=\"sow-feature-icon\">\n\t\t\t\t\t\t\t\t<span class=\"sow-icon-fontawesome sow-fas\" data-sow-icon=\"&#xf236;\"\n\t\tstyle=\"color: #5c832f\" \n\t\taria-hidden=\"true\"><\/span>\t\t\t\t\t\t\t<\/div>\n\t\t\t\t\t\t\t\t\t\t\t\t<div class=\"sow-feature-text\">\n\t\t\t\t\t\t\t<p>\n\t\t\t\t\t\t\t\t2 beds (100x200cm) <br \/>1 bed (140x190cm) <br \/>Breakfast included\t\t\t\t\t\t\t<\/p>\n\t\t\t\t\t\t<\/div>\n\t\t\t\t\t<\/div>\n\t\t\t\t\t\t\t<\/div>\n\n\t\t\t\t\t\t\t<div class=\"ow-pt-button\">\n\t\t\t\t\t<a\n\t\t\t\t\t\thref=\"https:\/\/gite-brissac.com\/eng\/project\/double-family-room\/\"\n\t\t\t\t\t\tclass=\"ow-pt-link\" \t\t\t\t\t>See room and book<\/a>\n\t\t\t\t<\/div>\n\t\t\t\t\t<\/div>\n\t\t\t\t<div class=\"ow-pt-column ow-pt-last ow-pt-odd\"\n\t\t\tstyle=\"width: 25%\">\n\t\t\t<div class=\"ow-pt-title\">\n\t\t\t\tM\u00e9sanges\t\t\t\t\t\t\t<\/div>\n\n\t\t\t<div class=\"ow-pt-details\">\n\t\t\t\t<div class=\"ow-pt-price\">\n\t\t\t\t\t\u20ac85\t\t\t\t<\/div>\n\t\t\t\t\t\t\t\t<div class=\"ow-pt-per\">night<\/div>\n\t\t\t<\/div>\n\n\t\t\t\t\t\t\t<div class=\"ow-pt-image\">\n\t\t\t\t\t<img decoding=\"async\" src=\"https:\/\/gite-brissac.com\/eng\/wp-content\/uploads\/2022\/03\/pichonniere-chambre-mesange-brissac.jpg\" srcset=\"https:\/\/gite-brissac.com\/eng\/wp-content\/uploads\/2022\/03\/pichonniere-chambre-mesange-brissac.jpg 1140w, https:\/\/gite-brissac.com\/eng\/wp-content\/uploads\/2022\/03\/pichonniere-chambre-mesange-brissac-300x211.jpg 300w, https:\/\/gite-brissac.com\/eng\/wp-content\/uploads\/2022\/03\/pichonniere-chambre-mesange-brissac-1024x719.jpg 1024w, https:\/\/gite-brissac.com\/eng\/wp-content\/uploads\/2022\/03\/pichonniere-chambre-mesange-brissac-768x539.jpg 768w, https:\/\/gite-brissac.com\/eng\/wp-content\/uploads\/2022\/03\/pichonniere-chambre-mesange-brissac-570x400.jpg 570w\" sizes=\"(max-width: 1140px) 100vw, 1140px\"\/> \t\t\t\t<\/div>\n\t\t\t\n\t\t\t<div class=\"ow-pt-features\">\n\t\t\t\t\t\t\t\t\t<div class=\"ow-pt-feature ow-pt-feature-even ow-pt-feature-index-0\" title=\"\">\n\n\t\t\t\t\t\t\t\t\t\t\t\t\t<div class=\"sow-feature-icon\">\n\t\t\t\t\t\t\t\t<span class=\"sow-icon-fontawesome sow-fas\" data-sow-icon=\"&#xf236;\"\n\t\tstyle=\"color: #5c832f\" \n\t\taria-hidden=\"true\"><\/span>\t\t\t\t\t\t\t<\/div>\n\t\t\t\t\t\t\t\t\t\t\t\t<div class=\"sow-feature-text\">\n\t\t\t\t\t\t\t<p>\n\t\t\t\t\t\t\t\t1 bed (160x190cm)<br \/>\u00a0 <br \/>Breakfast included\t\t\t\t\t\t\t<\/p>\n\t\t\t\t\t\t<\/div>\n\t\t\t\t\t<\/div>\n\t\t\t\t\t\t\t<\/div>\n\n\t\t\t\t\t\t\t<div class=\"ow-pt-button\">\n\t\t\t\t\t<a\n\t\t\t\t\t\thref=\"https:\/\/gite-brissac.com\/eng\/project\/mesange\/\"\n\t\t\t\t\t\tclass=\"ow-pt-link\" \t\t\t\t\t>See room and book<\/a>\n\t\t\t\t<\/div>\n\t\t\t\t\t<\/div>\n\t\t<\/div>\n<\/div><\/div><\/div><\/div><div id=\"pg-11-1\"  class=\"panel-grid panel-no-style\" ><div id=\"pgc-11-1-0\"  class=\"panel-grid-cell\" ><div id=\"panel-11-1-0-0\" class=\"so-panel widget widget_sow-editor panel-first-child panel-last-child\" data-index=\"2\" ><div\n\t\t\t\n\t\t\tclass=\"so-widget-sow-editor so-widget-sow-editor-base\"\n\t\t\t\n\t\t>\n<div class=\"siteorigin-widget-tinymce textwidget\">\n\t<div class=\"gdf-WidgetBooking\" data-reference=\"H49H015292\"><\/div>\n<p><script type=\"text\/javascript\" src=\"https:\/\/widget.cloudspire.io\/booking\/sdk.js\"><\/script><\/p>\n<\/div>\n<\/div><\/div><\/div><\/div><div id=\"pg-11-2\"  class=\"panel-grid panel-no-style\" ><div id=\"pgc-11-2-0\"  class=\"panel-grid-cell\" ><div id=\"panel-11-2-0-0\" class=\"so-panel widget widget_sow-headline panel-first-child\" data-index=\"3\" ><div class=\"panel-widget-style panel-widget-style-for-11-2-0-0\" ><div\n\t\t\t\n\t\t\tclass=\"so-widget-sow-headline so-widget-sow-headline-default-94d808faf1fa-11\"\n\t\t\t\n\t\t><div class=\"sow-headline-container \">\n\t\t\t\t\t\t\t<h1 class=\"sow-headline\">\n\t\t\t\t\t\tLes Noisetiers\t\t\t\t\t\t<\/h1>\n\t\t\t\t\t\t<\/div>\n<\/div><\/div><\/div><div id=\"panel-11-2-0-1\" class=\"so-panel widget widget_sow-price-table panel-last-child\" data-index=\"4\" ><div\n\t\t\t\n\t\t\tclass=\"so-widget-sow-price-table so-widget-sow-price-table-atom-e1119e38c4b6-11\"\n\t\t\t\n\t\t>\n\n<div class=\"ow-pt-columns-atom\">\n\n\t\t\t<div class=\"ow-pt-column ow-pt-first ow-pt-even\"\n\t\t\tstyle=\"width: 25%\">\n\t\t\t<div class=\"ow-pt-title\">\n\t\t\t\tWeek\t\t\t\t\t\t\t\t\t<div class=\"ow-pt-subtitle\">\n\t\t\t\t\t\tAll year around\t\t\t\t\t<\/div>\n\t\t\t\t\t\t\t<\/div>\n\n\t\t\t<div class=\"ow-pt-details\">\n\t\t\t\t<div class=\"ow-pt-price\">\n\t\t\t\t\t\u20ac500\t\t\t\t<\/div>\n\t\t\t\t\t\t\t\t<div class=\"ow-pt-per\">week<\/div>\n\t\t\t<\/div>\n\n\t\t\t\t\t\t\t<div class=\"ow-pt-image\">\n\t\t\t\t\t<img decoding=\"async\" src=\"https:\/\/gite-brissac.com\/eng\/wp-content\/uploads\/2016\/03\/pichonniere-noisetiers-ext2.jpg\" srcset=\"https:\/\/gite-brissac.com\/eng\/wp-content\/uploads\/2016\/03\/pichonniere-noisetiers-ext2.jpg 700w, https:\/\/gite-brissac.com\/eng\/wp-content\/uploads\/2016\/03\/pichonniere-noisetiers-ext2-300x199.jpg 300w\" sizes=\"(max-width: 700px) 100vw, 700px\"\/> \t\t\t\t<\/div>\n\t\t\t\n\t\t\t<div class=\"ow-pt-features\">\n\t\t\t\t\t\t\t\t\t<div class=\"ow-pt-feature ow-pt-feature-even ow-pt-feature-index-0\" title=\"\">\n\n\t\t\t\t\t\t\t\t\t\t\t\t\t<div class=\"sow-feature-icon\">\n\t\t\t\t\t\t\t\t<span class=\"sow-icon-fontawesome sow-fas\" data-sow-icon=\"&#xf236;\"\n\t\tstyle=\"color: #5c832f\" \n\t\taria-hidden=\"true\"><\/span>\t\t\t\t\t\t\t<\/div>\n\t\t\t\t\t\t\t\t\t\t\t\t<div class=\"sow-feature-text\">\n\t\t\t\t\t\t\t<p>\n\t\t\t\t\t\t\t\t3 beds for 6\u00a0people\t\t\t\t\t\t\t<\/p>\n\t\t\t\t\t\t<\/div>\n\t\t\t\t\t<\/div>\n\t\t\t\t\t\t\t<\/div>\n\n\t\t\t\t\t\t\t<div class=\"ow-pt-button\">\n\t\t\t\t\t<a\n\t\t\t\t\t\thref=\"https:\/\/gite-brissac.com\/eng\/project\/les-noisetiers\/\"\n\t\t\t\t\t\tclass=\"ow-pt-link\" \t\t\t\t\t>See gite and book<\/a>\n\t\t\t\t<\/div>\n\t\t\t\t\t<\/div>\n\t\t\t\t<div class=\"ow-pt-column ow-pt-odd\"\n\t\t\tstyle=\"width: 25%\">\n\t\t\t<div class=\"ow-pt-title\">\n\t\t\t\tWeek\t\t\t\t\t\t\t\t\t<div class=\"ow-pt-subtitle\">\n\t\t\t\t\t\tJuly and August\t\t\t\t\t<\/div>\n\t\t\t\t\t\t\t<\/div>\n\n\t\t\t<div class=\"ow-pt-details\">\n\t\t\t\t<div class=\"ow-pt-price\">\n\t\t\t\t\t\u20ac600\t\t\t\t<\/div>\n\t\t\t\t\t\t\t\t<div class=\"ow-pt-per\">week<\/div>\n\t\t\t<\/div>\n\n\t\t\t\t\t\t\t<div class=\"ow-pt-image\">\n\t\t\t\t\t<img decoding=\"async\" src=\"https:\/\/gite-brissac.com\/eng\/wp-content\/uploads\/2022\/03\/lapichonniere-gite-salon-noisetiers-vignette.jpg\" srcset=\"https:\/\/gite-brissac.com\/eng\/wp-content\/uploads\/2022\/03\/lapichonniere-gite-salon-noisetiers-vignette.jpg 700w, https:\/\/gite-brissac.com\/eng\/wp-content\/uploads\/2022\/03\/lapichonniere-gite-salon-noisetiers-vignette-300x199.jpg 300w, https:\/\/gite-brissac.com\/eng\/wp-content\/uploads\/2022\/03\/lapichonniere-gite-salon-noisetiers-vignette-272x182.jpg 272w\" sizes=\"(max-width: 700px) 100vw, 700px\"\/> \t\t\t\t<\/div>\n\t\t\t\n\t\t\t<div class=\"ow-pt-features\">\n\t\t\t\t\t\t\t\t\t<div class=\"ow-pt-feature ow-pt-feature-even ow-pt-feature-index-0\" title=\"\">\n\n\t\t\t\t\t\t\t\t\t\t\t\t\t<div class=\"sow-feature-icon\">\n\t\t\t\t\t\t\t\t<span class=\"sow-icon-fontawesome sow-fas\" data-sow-icon=\"&#xf236;\"\n\t\tstyle=\"color: #5c832f\" \n\t\taria-hidden=\"true\"><\/span>\t\t\t\t\t\t\t<\/div>\n\t\t\t\t\t\t\t\t\t\t\t\t<div class=\"sow-feature-text\">\n\t\t\t\t\t\t\t<p>\n\t\t\t\t\t\t\t\t3 beds for 6 people\t\t\t\t\t\t\t<\/p>\n\t\t\t\t\t\t<\/div>\n\t\t\t\t\t<\/div>\n\t\t\t\t\t\t\t<\/div>\n\n\t\t\t\t\t\t\t<div class=\"ow-pt-button\">\n\t\t\t\t\t<a\n\t\t\t\t\t\thref=\"https:\/\/gite-brissac.com\/eng\/project\/les-noisetiers\/\"\n\t\t\t\t\t\tclass=\"ow-pt-link\" \t\t\t\t\t>See gite and book<\/a>\n\t\t\t\t<\/div>\n\t\t\t\t\t<\/div>\n\t\t\t\t<div class=\"ow-pt-column ow-pt-even\"\n\t\t\tstyle=\"width: 25%\">\n\t\t\t<div class=\"ow-pt-title\">\n\t\t\t\tWeek-end\t\t\t\t\t\t\t\t\t<div class=\"ow-pt-subtitle\">\n\t\t\t\t\t\t1-2 nights\t\t\t\t\t<\/div>\n\t\t\t\t\t\t\t<\/div>\n\n\t\t\t<div class=\"ow-pt-details\">\n\t\t\t\t<div class=\"ow-pt-price\">\n\t\t\t\t\t\u20ac350\t\t\t\t<\/div>\n\t\t\t\t\t\t\t\t<div class=\"ow-pt-per\">1-2 nights<\/div>\n\t\t\t<\/div>\n\n\t\t\t\t\t\t\t<div class=\"ow-pt-image\">\n\t\t\t\t\t<img decoding=\"async\" src=\"https:\/\/gite-brissac.com\/eng\/wp-content\/uploads\/2016\/03\/pichonniere-noisetiers-chambre2.jpg\" srcset=\"https:\/\/gite-brissac.com\/eng\/wp-content\/uploads\/2016\/03\/pichonniere-noisetiers-chambre2.jpg 587w, https:\/\/gite-brissac.com\/eng\/wp-content\/uploads\/2016\/03\/pichonniere-noisetiers-chambre2-300x199.jpg 300w\" sizes=\"(max-width: 587px) 100vw, 587px\"\/> \t\t\t\t<\/div>\n\t\t\t\n\t\t\t<div class=\"ow-pt-features\">\n\t\t\t\t\t\t\t\t\t<div class=\"ow-pt-feature ow-pt-feature-even ow-pt-feature-index-0\" title=\"Hover texte\">\n\n\t\t\t\t\t\t\t\t\t\t\t\t\t<div class=\"sow-feature-icon\">\n\t\t\t\t\t\t\t\t<span class=\"sow-icon-fontawesome sow-fas\" data-sow-icon=\"&#xf236;\"\n\t\tstyle=\"color: #5c832f\" \n\t\taria-hidden=\"true\"><\/span>\t\t\t\t\t\t\t<\/div>\n\t\t\t\t\t\t\t\t\t\t\t\t<div class=\"sow-feature-text\">\n\t\t\t\t\t\t\t<p>\n\t\t\t\t\t\t\t\t3 beds for 6 people\t\t\t\t\t\t\t<\/p>\n\t\t\t\t\t\t<\/div>\n\t\t\t\t\t<\/div>\n\t\t\t\t\t\t\t<\/div>\n\n\t\t\t\t\t\t\t<div class=\"ow-pt-button\">\n\t\t\t\t\t<a\n\t\t\t\t\t\thref=\"https:\/\/gite-brissac.com\/eng\/project\/les-noisetiers\/\"\n\t\t\t\t\t\tclass=\"ow-pt-link\" \t\t\t\t\t>See gite and book<\/a>\n\t\t\t\t<\/div>\n\t\t\t\t\t<\/div>\n\t\t\t\t<div class=\"ow-pt-column ow-pt-last ow-pt-odd\"\n\t\t\tstyle=\"width: 25%\">\n\t\t\t<div class=\"ow-pt-title\">\n\t\t\t\tLong week-end\t\t\t\t\t\t\t\t\t<div class=\"ow-pt-subtitle\">\n\t\t\t\t\t\t3-4 nights\t\t\t\t\t<\/div>\n\t\t\t\t\t\t\t<\/div>\n\n\t\t\t<div class=\"ow-pt-details\">\n\t\t\t\t<div class=\"ow-pt-price\">\n\t\t\t\t\t\u20ac450\t\t\t\t<\/div>\n\t\t\t\t\t\t\t\t<div class=\"ow-pt-per\">3-4 nights<\/div>\n\t\t\t<\/div>\n\n\t\t\t\t\t\t\t<div class=\"ow-pt-image\">\n\t\t\t\t\t<img decoding=\"async\" src=\"https:\/\/gite-brissac.com\/eng\/wp-content\/uploads\/2016\/03\/pichonniere-noisetiers-cuisine.jpg\" srcset=\"https:\/\/gite-brissac.com\/eng\/wp-content\/uploads\/2016\/03\/pichonniere-noisetiers-cuisine.jpg 587w, https:\/\/gite-brissac.com\/eng\/wp-content\/uploads\/2016\/03\/pichonniere-noisetiers-cuisine-300x199.jpg 300w\" sizes=\"(max-width: 587px) 100vw, 587px\"\/> \t\t\t\t<\/div>\n\t\t\t\n\t\t\t<div class=\"ow-pt-features\">\n\t\t\t\t\t\t\t\t\t<div class=\"ow-pt-feature ow-pt-feature-even ow-pt-feature-index-0\" title=\"\">\n\n\t\t\t\t\t\t\t\t\t\t\t\t\t<div class=\"sow-feature-icon\">\n\t\t\t\t\t\t\t\t<span class=\"sow-icon-fontawesome sow-fas\" data-sow-icon=\"&#xf236;\"\n\t\tstyle=\"color: #5c832f\" \n\t\taria-hidden=\"true\"><\/span>\t\t\t\t\t\t\t<\/div>\n\t\t\t\t\t\t\t\t\t\t\t\t<div class=\"sow-feature-text\">\n\t\t\t\t\t\t\t<p>\n\t\t\t\t\t\t\t\t3 beds for 6 people\t\t\t\t\t\t\t<\/p>\n\t\t\t\t\t\t<\/div>\n\t\t\t\t\t<\/div>\n\t\t\t\t\t\t\t<\/div>\n\n\t\t\t\t\t\t\t<div class=\"ow-pt-button\">\n\t\t\t\t\t<a\n\t\t\t\t\t\thref=\"https:\/\/gite-brissac.com\/eng\/project\/les-noisetiers\/\"\n\t\t\t\t\t\tclass=\"ow-pt-link\" \t\t\t\t\t>See gite and book<\/a>\n\t\t\t\t<\/div>\n\t\t\t\t\t<\/div>\n\t\t<\/div>\n<\/div><\/div><\/div><\/div><div id=\"pg-11-3\"  class=\"panel-grid panel-no-style\" ><div id=\"pgc-11-3-0\"  class=\"panel-grid-cell\" ><div id=\"panel-11-3-0-0\" class=\"so-panel widget widget_sow-editor panel-first-child panel-last-child\" data-index=\"5\" ><div\n\t\t\t\n\t\t\tclass=\"so-widget-sow-editor so-widget-sow-editor-base\"\n\t\t\t\n\t\t>\n<div class=\"siteorigin-widget-tinymce textwidget\">\n\t<div class=\"gdf-WidgetBooking\" data-reference=\"H49G014917\"><\/div>\n<p><script type=\"text\/javascript\" src=\"https:\/\/widget.cloudspire.io\/booking\/sdk.js\"><\/script><\/p>\n<\/div>\n<\/div><\/div><\/div><\/div><\/div>","protected":false},"excerpt":{"rendered":"<p>Bed &amp; breakfast Zen \u20ac85 night 2 beds (100\u00d7200cm)\u00a0Breakfast included See room and book Garennes \u20ac75 night 1 bed (160x200cm)\u00a0 Breakfast included See room and book Double family room \u20ac130 night 2 beds (100x200cm) 1 bed (140x190cm) Breakfast included See room and book M\u00e9sanges \u20ac85 night 1 bed (160x190cm)\u00a0 Breakfast included See room and book [&hellip;]<\/p>\n","protected":false},"author":1,"featured_media":0,"parent":0,"menu_order":30,"comment_status":"closed","ping_status":"closed","template":"","meta":{"footnotes":""},"class_list":["post-11","page","type-page","status-publish","hentry"],"yoast_head":"<!-- This site is optimized with the Yoast SEO plugin v27.3 - https:\/\/yoast.com\/product\/yoast-seo-wordpress\/ -->\n<title>Prices and availability - La Pichonni\u00e8re<\/title>\n<meta name=\"robots\" content=\"index, follow, max-snippet:-1, max-image-preview:large, max-video-preview:-1\" \/>\n<link rel=\"canonical\" href=\"https:\/\/gite-brissac.com\/eng\/prices-availability\/\" \/>\n<meta property=\"og:locale\" content=\"fr_FR\" \/>\n<meta property=\"og:type\" content=\"article\" \/>\n<meta property=\"og:title\" content=\"Prices and availability - La Pichonni\u00e8re\" \/>\n<meta property=\"og:description\" content=\"Bed &amp; breakfast Zen \u20ac85 night 2 beds (100\u00d7200cm)\u00a0Breakfast included See room and book Garennes \u20ac75 night 1 bed (160x200cm)\u00a0 Breakfast included See room and book Double family room \u20ac130 night 2 beds (100x200cm) 1 bed (140x190cm) Breakfast included See room and book M\u00e9sanges \u20ac85 night 1 bed (160x190cm)\u00a0 Breakfast included See room and book [&hellip;]\" \/>\n<meta property=\"og:url\" content=\"https:\/\/gite-brissac.com\/eng\/prices-availability\/\" \/>\n<meta property=\"og:site_name\" content=\"La Pichonni\u00e8re\" \/>\n<meta property=\"article:modified_time\" content=\"2026-01-05T16:51:27+00:00\" \/>\n<meta name=\"twitter:card\" content=\"summary_large_image\" \/>\n<meta name=\"twitter:label1\" content=\"Dur\u00e9e de lecture estim\u00e9e\" \/>\n\t<meta name=\"twitter:data1\" content=\"3 minutes\" \/>\n<script type=\"application\/ld+json\" class=\"yoast-schema-graph\">{\"@context\":\"https:\\\/\\\/schema.org\",\"@graph\":[{\"@type\":\"WebPage\",\"@id\":\"https:\\\/\\\/gite-brissac.com\\\/eng\\\/prices-availability\\\/\",\"url\":\"https:\\\/\\\/gite-brissac.com\\\/eng\\\/prices-availability\\\/\",\"name\":\"Prices and availability - La Pichonni\u00e8re\",\"isPartOf\":{\"@id\":\"https:\\\/\\\/gite-brissac.com\\\/eng\\\/#website\"},\"datePublished\":\"2016-03-29T08:45:47+00:00\",\"dateModified\":\"2026-01-05T16:51:27+00:00\",\"breadcrumb\":{\"@id\":\"https:\\\/\\\/gite-brissac.com\\\/eng\\\/prices-availability\\\/#breadcrumb\"},\"inLanguage\":\"fr-FR\",\"potentialAction\":[{\"@type\":\"ReadAction\",\"target\":[\"https:\\\/\\\/gite-brissac.com\\\/eng\\\/prices-availability\\\/\"]}]},{\"@type\":\"BreadcrumbList\",\"@id\":\"https:\\\/\\\/gite-brissac.com\\\/eng\\\/prices-availability\\\/#breadcrumb\",\"itemListElement\":[{\"@type\":\"ListItem\",\"position\":1,\"name\":\"Accueil\",\"item\":\"https:\\\/\\\/gite-brissac.com\\\/eng\\\/\"},{\"@type\":\"ListItem\",\"position\":2,\"name\":\"Prices and availability\"}]},{\"@type\":\"WebSite\",\"@id\":\"https:\\\/\\\/gite-brissac.com\\\/eng\\\/#website\",\"url\":\"https:\\\/\\\/gite-brissac.com\\\/eng\\\/\",\"name\":\"La Pichonni\u00e8re\",\"description\":\"Chambres d&#039;h\u00f4tes et g\u00eetes en Anjou\",\"potentialAction\":[{\"@type\":\"SearchAction\",\"target\":{\"@type\":\"EntryPoint\",\"urlTemplate\":\"https:\\\/\\\/gite-brissac.com\\\/eng\\\/?s={search_term_string}\"},\"query-input\":{\"@type\":\"PropertyValueSpecification\",\"valueRequired\":true,\"valueName\":\"search_term_string\"}}],\"inLanguage\":\"fr-FR\"}]}<\/script>\n<!-- \/ Yoast SEO plugin. -->","yoast_head_json":{"title":"Prices and availability - La Pichonni\u00e8re","robots":{"index":"index","follow":"follow","max-snippet":"max-snippet:-1","max-image-preview":"max-image-preview:large","max-video-preview":"max-video-preview:-1"},"canonical":"https:\/\/gite-brissac.com\/eng\/prices-availability\/","og_locale":"fr_FR","og_type":"article","og_title":"Prices and availability - La Pichonni\u00e8re","og_description":"Bed &amp; breakfast Zen \u20ac85 night 2 beds (100\u00d7200cm)\u00a0Breakfast included See room and book Garennes \u20ac75 night 1 bed (160x200cm)\u00a0 Breakfast included See room and book Double family room \u20ac130 night 2 beds (100x200cm) 1 bed (140x190cm) Breakfast included See room and book M\u00e9sanges \u20ac85 night 1 bed (160x190cm)\u00a0 Breakfast included See room and book [&hellip;]","og_url":"https:\/\/gite-brissac.com\/eng\/prices-availability\/","og_site_name":"La Pichonni\u00e8re","article_modified_time":"2026-01-05T16:51:27+00:00","twitter_card":"summary_large_image","twitter_misc":{"Dur\u00e9e de lecture estim\u00e9e":"3 minutes"},"schema":{"@context":"https:\/\/schema.org","@graph":[{"@type":"WebPage","@id":"https:\/\/gite-brissac.com\/eng\/prices-availability\/","url":"https:\/\/gite-brissac.com\/eng\/prices-availability\/","name":"Prices and availability - La Pichonni\u00e8re","isPartOf":{"@id":"https:\/\/gite-brissac.com\/eng\/#website"},"datePublished":"2016-03-29T08:45:47+00:00","dateModified":"2026-01-05T16:51:27+00:00","breadcrumb":{"@id":"https:\/\/gite-brissac.com\/eng\/prices-availability\/#breadcrumb"},"inLanguage":"fr-FR","potentialAction":[{"@type":"ReadAction","target":["https:\/\/gite-brissac.com\/eng\/prices-availability\/"]}]},{"@type":"BreadcrumbList","@id":"https:\/\/gite-brissac.com\/eng\/prices-availability\/#breadcrumb","itemListElement":[{"@type":"ListItem","position":1,"name":"Accueil","item":"https:\/\/gite-brissac.com\/eng\/"},{"@type":"ListItem","position":2,"name":"Prices and availability"}]},{"@type":"WebSite","@id":"https:\/\/gite-brissac.com\/eng\/#website","url":"https:\/\/gite-brissac.com\/eng\/","name":"La Pichonni\u00e8re","description":"Chambres d&#039;h\u00f4tes et g\u00eetes en Anjou","potentialAction":[{"@type":"SearchAction","target":{"@type":"EntryPoint","urlTemplate":"https:\/\/gite-brissac.com\/eng\/?s={search_term_string}"},"query-input":{"@type":"PropertyValueSpecification","valueRequired":true,"valueName":"search_term_string"}}],"inLanguage":"fr-FR"}]}},"_links":{"self":[{"href":"https:\/\/gite-brissac.com\/eng\/wp-json\/wp\/v2\/pages\/11","targetHints":{"allow":["GET"]}}],"collection":[{"href":"https:\/\/gite-brissac.com\/eng\/wp-json\/wp\/v2\/pages"}],"about":[{"href":"https:\/\/gite-brissac.com\/eng\/wp-json\/wp\/v2\/types\/page"}],"author":[{"embeddable":true,"href":"https:\/\/gite-brissac.com\/eng\/wp-json\/wp\/v2\/users\/1"}],"replies":[{"embeddable":true,"href":"https:\/\/gite-brissac.com\/eng\/wp-json\/wp\/v2\/comments?post=11"}],"version-history":[{"count":8,"href":"https:\/\/gite-brissac.com\/eng\/wp-json\/wp\/v2\/pages\/11\/revisions"}],"predecessor-version":[{"id":1032,"href":"https:\/\/gite-brissac.com\/eng\/wp-json\/wp\/v2\/pages\/11\/revisions\/1032"}],"wp:attachment":[{"href":"https:\/\/gite-brissac.com\/eng\/wp-json\/wp\/v2\/media?parent=11"}],"curies":[{"name":"wp","href":"https:\/\/api.w.org\/{rel}","templated":true}]}}